s 7 a factor of 30926018?
False
Does 371 divide 301307279?
True
Is 8648370 a multiple of 405?
True
Does 742 divide 21961788?
False
Does 18 divide 153540578?
False
Is 30099822 a multiple of 123?
True
Is 1309 a factor of 63304120?
False
Is 93 a factor of 463391349?
False
Is 10 a factor of 1051463156?
False
Is 107 a factor of 68008135?
False
Is 243359820 a multiple of 132?
True
Is 9972652 a multiple of 99?
False
Is 5 a factor of 27600850?
True
Is 33203375 a multiple of 71?
False
Is 31 a factor of 473346?
False
Does 1049 divide 502013978?
False
Is 1964457118 a multiple of 221?
False
Does 66 divide 217057943?
False
Does 53 divide 238498834?
True
Is 706882254 a multiple of 25?
False
Does 314 divide 54570374?
True
Does 50 divide 29027378?
False
Is 6 a factor of 79596716?
False
Is 3041 a factor of 32342289?
False
Does 2 divide 5769017?
False
Is 1347016710 a multiple of 1118?
True
Is 103932995 a multiple of 44?
False
Is 8 a factor of 1183917284?
False
Is 294513140 a multiple of 7948?
True
Is 711839580 a multiple of 1929?
True
Does 22 divide 69091770?
True
Is 14000159 a multiple of 1663?
False
Is 102 a factor of 5605105?
False
Is 340 a factor of 662139460?
True
Is 38 a factor of 321200926?
False
Is 404296787 a multiple of 10?
False
Is 3054300 a multiple of 6?
True
Is 2167252866 a multiple of 369?
True
Is 22 a factor of 83323504?
True
Is 1564 a factor of 56059197?
False
Is 24 a factor of 39512798?
False
Is 71 a factor of 5245394871?
True
Is 144616479 a multiple of 23?
True
Is 179 a factor of 12839425?
False
Is 352 a factor of 4019488?
True
Is 328419364 a multiple of 55?
False
Does 11 divide 548241363?
False
Is 1962 a factor of 125959005?
False
Is 55521161 a multiple of 107?
False
Does 46 divide 24378390?
True
Is 50 a factor of 138091250?
True
Does 16 divide 8377987?
False
Is 6 a factor of 486420222?
True
Does 2 divide 66472047?
False
Does 30 divide 1128746979?
False
Is 1308 a factor of 13894884?
True
Is 529330098 a multiple of 33?
True
Is 1036841897 a multiple of 2681?
True
Does 18 divide 439721622?
True
Is 393 a factor of 96723515?
False
Is 4496143554 a multiple of 21?
True
Is 313 a factor of 35286992?
False
Does 14 divide 108031298?
False
Does 31 divide 80397908?
False
Is 18 a factor of 272004241?
False
Is 1375 a factor of 551605905?
False
Does 353 divide 11134975?
False
Does 176 divide 40544405?
False
Does 69 divide 15038619?
True
Does 1367 divide 13773560?
False
Is 836973176 a multiple of 676?
True
Is 1812124920 a multiple of 184?
True
Is 38 a factor of 9028192?
True
Is 128 a factor of 643188333?
False
Is 118186614 a multiple of 21?
True
Does 38 divide 6210234?
False
Is 8538725 a multiple of 611?
True
Does 1155 divide 684114585?
True
Does 1406 divide 49187504?
True
Is 1709485655 a multiple of 84?
False
Does 2727 divide 119786782?
False
Is 11755403 a multiple of 751?
True
Is 90 a factor of 16543718?
False
Is 181873230 a multiple of 4515?
True
Is 5 a factor of 1577102?
False
Is 2001182 a multiple of 143?
False
Does 9 divide 2500311942?
True
Is 240723048 a multiple of 219?
True
Is 23265287 a multiple of 8?
False
Is 16917499 a multiple of 49?
False
Does 998 divide 516582764?
True
Is 1959 a factor of 407022651?
False
Does 113 divide 15869190?
False
Does 18 divide 25302698?
False
Is 126 a factor of 311339952?
True
Is 12680782 a multiple of 303?
False
Is 362 a factor of 4369702?
True
Is 1184874336 a multiple of 32?
True
Is 2146295458 a multiple of 204?
False
Is 143965073 a multiple of 48?
False
Is 343089312 a multiple of 48?
True
Does 1051 divide 136469277?
False
Is 17475120 a multiple of 30?
True
Is 228 a factor of 103561476?
True
Is 1901 a factor of 645379995?
True
Does 36 divide 460729111?
False
Is 186854634 a multiple of 3778?
False
Does 162 divide 3104244?
True
Is 16 a factor of 1764794987?
False
Does 487 divide 567547673?
False
Is 58 a factor of 8161833?
False
Is 4715850 a multiple of 5?
True
Does 9330 divide 1320288300?
True
Is 442412091 a multiple of 346?
False
Does 285 divide 1838432970?
True
Does 11 divide 29348515?
False
Is 19 a factor of 227905?
True
Is 357111986 a multiple of 154?
True
Is 18 a factor of 104007248?
False
Is 49535611 a multiple of 4?
False
Is 42915455 a multiple of 1793?
True
Is 27 a factor of 280926812?
False
Is 1329888 a multiple of 28?
True
Is 568 a factor of 2034190328?
True
Is 4 a factor of 6158058?
False
Is 799554817 a multiple of 569?
True
Does 600 divide 53901000?
True
Is 79911802 a multiple of 1292?
False
Is 1552096008 a multiple of 516?
True
Does 739 divide 33706476?
False
Is 5946 a factor of 1716587973?
False
Is 55 a factor of 60022?
False
Is 8937152 a multiple of 4?
True
Does 192 divide 18609408?
True
Is 10 a factor of 32495461?
False
Is 46678539 a multiple of 70?
False
Is 809 a factor of 533241024?
True
Is 7 a factor of 122871?
True
Does 12 divide 5474711?
False
Is 2 a factor of 6722481?
False
Does 402 divide 197825808?
True
Is 238304376 a multiple of 28?
False
Does 401 divide 489640649?
True
Is 14 a factor of 760558540?
True
Is 5971 a factor of 462159629?
False
Is 1633 a factor of 134626153?
True
Is 37 a factor of 29489635?
False
Is 33 a factor of 14444707?
False
Is 60426781 a multiple of 236?
False
Is 18 a factor of 7859865600?
True
Is 258 a factor of 853165530?
False
Is 616844613 a multiple of 11?
True
Is 422 a factor of 292120608?
False
Is 224 a factor of 76034718?
False
Does 47 divide 1486001961?
True
Is 2098250 a multiple of 125?
True
Is 88021138 a multiple of 6?
False
Is 21045240 a multiple of 636?
True
Is 19 a factor of 3320255199?
False
Is 74427340 a multiple of 3770?
True
Does 886 divide 7639978?
True
Does 18 divide 153527373?
False
Is 668043477 a multiple of 47?
True
Is 374660938 a multiple of 41?
False
Is 8854892 a multiple of 5?
False
Is 33 a factor of 329244552?
False
Does 11 divide 5800796?
False
Is 569055729 a multiple of 33?
True
Is 1088724 a multiple of 1092?
True
Does 361 divide 246571303?
True
Is 14850200 a multiple of 2?
True
Is 7 a factor of 91741430?
False
Does 112 divide 415608350?
False
Is 541 a factor of 24499185?
True
Is 2627 a factor of 1182983221?
False
Does 33 divide 730989671?
False
Is 1831561 a multiple of 19?
False
Is 133222531 a multiple of 465?
False
Is 122 a factor of 2489410?
True
Does 41 divide 12132351?
True
Is 308539446 a multiple of 197?
False
Is 124 a factor of 9464672?
True
Is 216 a factor of 150915960?
True
Does 1384 divide 666926072?
True
Does 243 divide 31245183?
True
Does 2743 divide 59619105?
True
Does 1359 divide 2674569078?
True
Is 40334732 a multiple of 263?
True
Is 244842041 a multiple of 156?
False
Is 958 a factor of 593191684?
True
Does 14 divide 29953504?
True
Does 1540 divide 536985680?
True
Is 278 a factor of 906437802?
False
Is 12114252 a multiple of 130?
False
Does 790 divide 602205940?
True
Is 1388209451 a multiple of 385?
False
Is 668 a factor of 13955168?
False
Is 7 a factor of 268131759?
True
Is 128217440 a multiple of 104?
True
Does 20 divide 12940600?
True
Does 7 divide 12385989?
True
Is 8062844 a multiple of 43?
True
Does 424 divide 19015976?
True
Does 1049 divide 516014639?
True
Is 303 a factor of 13511982?
True
Does 270 divide 72856530?
True
Is 37 a factor of 267781491?
False
Is 113332554 a multiple of 4847?
True
Does 13 divide 253354940?
False
Does 314 divide 20997759?
False
Is 316 a factor of 4238508?
True
Does 97 divide 144623765?
False
Does 927 divide 256970312?
False
Is 127357759 a multiple of 13?
False
Is 23 a factor of 21428479?
True
Is 180 a factor of 11453159?
False
Is 14 a factor of 82003292?
True
Does 5789 divide 920203968?
False
Is 347819844 a multiple of 3086?
False
Does 3 divide 958017?
True
Is 23877699 a multiple of 26?
False
Is 6955 a factor of 36784995?
True
Is 4115912 a multiple of 29?
True
Is 169644492 a multiple of 12?
True
Is 1617 a factor of 3738257783?
False
Is 1377863294 a multiple of 14?
False
Is 4125 a factor of 157263284?
False
Does 25 divide 2837006125?
True
Does 1734 divide 176640901?
False
Is 17044740 a multiple of 36?
True
Is 15 a factor of 178751191?
False
Does 191 divide 38172687?
True
Is 174841566 a multiple of 17?
True
Does 298 divide 614834792?
True
Does 17 divide 1050989606?
True
Is 57 a factor of 310206070?
False
Does 21 divide 868430321?
False
Is 200 a factor of 10864185?
False
Does 2 divide 733273471?
Fals